+ 5*x, 3*o - 82609 = x - 29451. List the prime factors of o.
7, 2531
Let q(a) = 246*a**2 + 63*a + 487. What are the prime factors of q(-10)?
37, 661
Let h(y) = -13285*y + 13285*y + 19 - y**3 - y**2. List the prime factors of h(0).
19
Let f(v) = 2*v - 14. Let u be f(8). Suppose 3*r = -4*p - 25, -10 = -r + u*r + 3*p. What are the prime factors of (r + 4)/(9/(-222))?
2, 37
Let z = -5100 - -10733. What are the prime factors of z?
43, 131
Let d(k) = k**3 + 2*k + 14. Let b be d(5). Let y = 154 + b. What are the prime factors of y?
3, 101
Suppose -8*x - 427469 = -213*x + 214386. What are the prime factors of x?
31, 101
Suppose 9*h - 2477 + 794 = 0. Let i = 375 - h. What are the prime factors of i?
2, 47
Suppose -7830248 + 42392 = -178*z. What are the prime factors of z?
2, 3, 1823
Let k = -8 - 1. Suppose -20*x - 595 = -23*x - 2*p, p + 1009 = 5*x. Let b = k + x. What are the prime factors of b?
2, 3
Let k be (-14 - -13)*(-2)/(-2). Let t be (-116)/(0 + -3 - k). List the prime factors of t/(-4)*(-5 + 1).
2, 29
Let t(j) = j**3 + 9*j**2 - 12*j - 16. Let n be t(-10). Suppose -n*g + 61 + 123 = 0. What are the prime factors of 6/3 + g - 3?
3, 5
Let i be (0/(-2 + -3))/2. Suppose -q + 15 - 3 = i. Suppose -4*y + 48 = y + d, 0 = 4*d - q. What are the prime factors of y?
3
Suppose 34*c = c + 121506. What are the prime factors of c?
2, 7, 263
Suppose -5453 = -y - 4*x, -3*y - 11*x = -7*x - 16359. What are the prime factors of y?
7, 19, 41
Suppose -15*m - 13*m = -3*m - 627375. List the prime factors of m.
3, 5, 7, 239
Let p(v) = -53*v - 18. Let q(i) = 17*i + 5. Let n(f) = -2*p(f) - 7*q(f). Let s(h) = h**3 + 5*h**2 + 5*h - 3. Let o be s(-4). What are the prime factors of n(o)?
2, 23
Let n(f) = -1246*f + 232. List the prime factors of n(-7).
2, 11, 37
Let u(n) = -10*n**3 - n**2 + 6*n + 3. Let q(z) be the second derivative of -z**4/12 + 7*z**3/6 + 14*z**2 + 11*z. Let p be q(10). List the prime factors of u(p).
67
What are the prime factors of 2/(2/7393 - (-34 - -34))?
7393
Let b(x) = -x**3 + 26*x**2 - 53*x + 62. Let r(q) = -2*q**3 + 29*q**2 - 14*q + 21. Let l be r(14). What are the prime factors of b(l)?
2, 577
Let p(s) = -3*s**3 + 39*s**2 - 9*s - 79. What are the prime factors of p(-14)?
15923
Let v = 3945 + 16537. List the prime factors of v.
2, 7, 11, 19
Let u = 10712 + -6172. List the prime factors of u.
2, 5, 227
Let g = 5241 + -5237. Let u(z) be the second derivative of 3*z**5/20 - z**4/6 + z**3 - 3*z**2 + z. List the prime factors of u(g).
2, 89
Suppose 0 = 17*i - 24176 - 38231. List the prime factors of i.
3671
Let q(u) = 3 + 0 + u**2 - 8. Let s be q(-3). Suppose 2*t - 3*v = 196, 4*t - s*v - 392 = -v. List the prime factors of t.
2, 7
Let d = -5484 - -7900. Suppose -5*f = -3*x + x - 3027, 4*x - d = -4*f. What are the prime factors of f?
5, 11
Suppose 2*n - 441 = 161. Let l = n + -203. List the prime factors of l.
2, 7
Let v = 6192 + -1030. What are the prime factors of v?
2, 29, 89
Let o = -20061 + 31012. List the prime factors of o.
47, 233
Suppose 5*p = 5*w - 115, 18 = 4*w - 2*p - 70. Suppose 0 = 13*c - w*c + 1936. List the prime factors of c.
2, 11
Suppose 4*i + 0 + 4 = 0. Let b be (i + 3)/(10/15). List the prime factors of 220 + 1 + -5 + b.
3, 73
Let c be (201 - 1) + 8 + -8. Suppose -29*t - 44 = -40*t. Suppose -2*g + f + t*f + 415 = 0, g - c = -5*f. List the prime factors of g.
5, 41
Let w(r) = 53 - 12*r + 28 + 21 + 1. List the prime factors of w(-15).
283
Suppose -2*i - 231474 - 87510 = -8*i. What are the prime factors of i?
2, 13291
Let r(y) = -y**2 + 19*y - 33. Let j be r(15). Suppose -4788 = -j*x - x. What are the prime factors of x?
3, 19
Suppose 116*s - 69*s - 306880 = 327244. List the prime factors of s.
2, 3373
Suppose -12*w + 131 = -13. What are the prime factors of 252*(-1)/((-14)/w)?
2, 3
Suppose 3*l + 2 = -2*x + l, 0 = 2*x - 5*l - 19. Let o(m) = m**3 + 6*m**2 + 2*m - 7. Let y be o(-6). List the prime factors of (x - 13)/(1/y).
11, 19
Let l = -1044 - -1266. What are the prime factors of l?
2, 3, 37
Let s = 2565 + 14910. List the prime factors of s.
3, 5, 233
Let c = 515 - 510. List the prime factors of c + 7 + (809 - 3).
2, 409
What are the prime factors of 18227/9 - (-360)/(-1620)?
3, 5
Let o(i) = -1531*i**3 - 8*i - 34. What are the prime factors of o(-3)?
11, 13, 17
Suppose 3 = i, -j + 12 = -0*j + 2*i. What are the prime factors of 4 + -7 + j + (288 - 2)?
17
List the prime factors of (-135 - 7)/((-4)/70).
5, 7, 71
Suppose 215*r = 34*r + 798391. List the prime factors of r.
11, 401
Let y(l) = 3*l**2 - 10*l + 22. Let d be (-27)/6*12/9. List the prime factors of y(d).
2, 5, 19
Suppose -26*u + 16*u + 48020 = 0. Suppose -4*x = -11*x + u. List the prime factors of x.
2, 7
Suppose -4*i + 8*i + 3*z - 11497 = 0, 2*i - 5710 = 4*z. What are the prime factors of i?
19, 151
Let r = -14 - 72. Let l = -78 - r. List the prime factors of (-588)/l*20/(-6).
5, 7
Suppose 0 = -16*u + 12 + 68. Suppose -s = u*q - q - 1788, s = q - 447. What are the prime factors of q?
3, 149
List the prime factors of 11297/7 - 444/518.
1613
Let g(p) = 50*p + 22. Let b(u) = -251*u - 109. Let q(t) = 2*b(t) + 11*g(t). Let m be q(10). Suppose v = -3*v + m. What are the prime factors of v?
2, 3, 7
Suppose 1536 + 900 = -6*q. Let b = 912 + q. List the prime factors of b.
2, 11, 23
Let z be 76/7 + 1/7 - 3. Suppose 30*y = 32*y - z. List the prime factors of (-2353)/(-52) - 1/y.
3, 5
Suppose 3*f = 2*k + 4, k = f - 7 + 4. Let d be (28/(-21))/(-2*f/72). What are the prime factors of d/(-7)*(-147)/(-42)?
2, 3
Suppose -19*r = -6*r - 8879. Suppose -4*t = 4*c - 1808, -231 = c - 4*t - r. List the prime factors of c.
2, 113
Let d(z) = 558*z**2 + 29*z - 380. List the prime factors of d(-9).
17, 2621
Let l = 70512 - 32014. What are the prime factors of l?
2, 19249
Suppose -3*a - 13 = -h + 176, 2*h = -a + 364. Let u = -39 + h. Suppose -6*r + u = -192. List the prime factors of r.
2, 7
Let z(s) = -s**3 + 14*s**2 + 11*s + 13. Let h be z(11). Let y = -256 + h. Suppose -y - 53 = -3*j. What are the prime factors of j?
2, 7
Suppose 0 = -2*j + 4*d - 2*d + 1796, 0 = j + 3*d - 894. Suppose -5*a + 333 - j = -2*t, 4*t - 1108 = 5*a. Suppose o - 5*o = -t. What are the prime factors of o?
2, 17
Let d = 7548 - -2736. List the prime factors of d.
2, 3, 857
Suppose -14*k + 1021869 = -60*k + 3176831. What are the prime factors of k?
79, 593
Let n(b) = -48*b**3 - 32*b**2 - 24*b + 5. List the prime factors of n(-4).
3, 887
Let h = -10591 + 26088. List the prime factors of h.
15497
Suppose 0 = -4*w, 769*p + 5*w = 765*p + 126556. What are the prime factors of p?
29, 1091
Suppose -1125 = y - 46*y. Suppose -17000 = 5*k - y*k. List the prime factors of k.
2, 5, 17
Suppose -5*l + 2*r + 3355 = r, 5*l = -r + 3365. Suppose -2*s = 5*q - 3386, -7*q + 8*q - l = -3*s. What are the prime factors of q?
2, 3, 113
Suppose -5*o + 5*b + 107205 = 0, o - 2*b = 9810 + 11625. What are the prime factors of o?
3, 2383
Let b = -39 + 42. Suppose -2*n + b*n = 56. List the prime factors of n.
2, 7
Let f be ((-35)/10)/((-1)/112). Let x = 610 - f. List the prime factors of x.
2, 109
Suppose -47600*v + 47612*v - 468828 = 0. What are the prime factors of v?
3, 1447
Let x(h) = -h**3 - 5*h**2 + 49*h - 30. What are the prime factors of x(-13)?
5, 137
Let l(d) = -40*d**3 + 31*d**2 + 124*d - 12. List the prime factors of l(-6).
2, 3, 5
Suppose 1 = 5*m - c, -5 = 4*m + 5*c - 0. Suppose m = -11*u + 2459 + 9641. List the prime factors of u.
2, 5, 11
Let a(c) = 2693*c + 1210. What are the prime factors of a(6)?
2, 13, 167
Suppose k - 2*k + c = 0, -c + 20 = 3*k. Let v(r) = 4*r - 6. Let n be v(k). Let x(q) = 7*q + 2. List the prime factors of x(n).
2, 5
Let d = 31 + 349. Suppose 2*n - h = 190, -7*n + 3*n + 4*h = -d. Let i = n + 38. What are the prime factors of i?
7, 19
What are the prime factors of 6/(-14) + (-625658)/(-77)?
5, 13
Let u(q) = q**3 + 16*q**2 - 7*q - 10. Let y be (0 + 0/(-1))/(2*1). Suppose y = 3*w - 6*w - 48. List the prime factors of u(w).
2, 3, 17
Suppose -180 = -30*n + 39*n. List the prime factors of 2/1*(n - -216).
2, 7
Let z(p) = p**3 + 8*p**2 + 8*p - 10. Let c be z(-7). Let n = c - -75. Let w = 135 + n. List the prime factors of w.
193
Let u = 11740 - 6689. List the prime factors of u.
5051
What are the prime factors of 4 + -6 + 15 + -4 - -7